er?
True
Is 5273 prime?
True
Is 102491 a prime number?
False
Is 1707707 prime?
True
Is 200371 composite?
False
Is 231503 a composite number?
False
Is 82963 a composite number?
False
Is 47181 composite?
True
Is 501563 a prime number?
True
Is 311737 prime?
True
Is 57463 a prime number?
False
Is 141 a prime number?
False
Is 38813 a prime number?
False
Is 2593681 composite?
False
Is 1631 prime?
False
Is 518051 composite?
True
Is 4836631 a prime number?
True
Is 99697 a composite number?
True
Is 41011 a composite number?
False
Is 27533 a composite number?
True
Is 31399 a prime number?
False
Is 1466555 a composite number?
True
Is 1927 prime?
False
Is 1686319 a prime number?
True
Is 26309 a prime number?
True
Is 9677 prime?
True
Is 9841 composite?
True
Is 85691 a prime number?
True
Is 87293 composite?
False
Is 209579 composite?
False
Is 80917 prime?
True
Is 171821 prime?
False
Is 368689 prime?
True
Is 1187 composite?
False
Is 11677 prime?
True
Is 1058567 a prime number?
True
Is 39857 composite?
False
Is 8287 composite?
False
Is 39487 a prime number?
False
Is 41669 a composite number?
False
Is 7121 prime?
True
Is 868029 a prime number?
False
Is 4267 composite?
True
Is 6459 composite?
True
Is 203717 composite?
True
Is 47219 composite?
True
Is 53419 prime?
True
Is 13119 a prime number?
False
Is 443783 a prime number?
False
Is 13093 prime?
True
Is 131 prime?
True
Is 228149 composite?
True
Is 3369 prime?
False
Is 42422 a prime number?
False
Is 1839 a prime number?
False
Is 2509 a prime number?
False
Is 164127 composite?
True
Is 855343 composite?
True
Is 159073 a composite number?
False
Is 34669 a composite number?
True
Is 277213 a composite number?
False
Is 208061 composite?
True
Is 78277 a prime number?
True
Is 3877 prime?
True
Is 23099 a prime number?
True
Is 27127 prime?
True
Is 29531 composite?
False
Is 4021727 composite?
False
Is 107609 composite?
False
Is 14197 composite?
False
Is 287599 prime?
False
Is 86401 a prime number?
False
Is 2609 prime?
True
Is 17399 composite?
True
Is 28153 a composite number?
True
Is 1506067 a composite number?
True
Is 2327 composite?
True
Is 166789 a composite number?
True
Is 1201 composite?
False
Is 521483 a prime number?
True
Is 99959 composite?
True
Is 7229 prime?
True
Is 128599 prime?
True
Is 7199 a prime number?
False
Is 537653 composite?
True
Is 787 a composite number?
False
Is 10123 a prime number?
False
Is 37379 a composite number?
False
Is 223999 a composite number?
False
Is 1247 a composite number?
True
Is 2491 composite?
True
Is 95543 prime?
False
Is 31281 a prime number?
False
Is 109651 a composite number?
True
Is 7079 a prime number?
True
Is 4443 prime?
False
Is 4721 a prime number?
True
Is 6563 a composite number?
False
Is 18331 prime?
False
Is 64531 composite?
True
Is 9461 a prime number?
True
Is 5981 a composite number?
False
Is 119909 composite?
True
Is 10558 prime?
False
Is 27899 a prime number?
False
Is 22513 a prime number?
False
Is 530513 a prime number?
True
Is 11152363 prime?
True
Is 60077 composite?
False
Is 72247 a composite number?
True
Is 1058951 a composite number?
False
Is 7558 composite?
True
Is 1172657 a composite number?
False
Is 9913 composite?
True
Is 371 composite?
True
Is 25111 prime?
True
Is 930859 a prime number?
True
Is 201 prime?
False
Is 77069 a composite number?
False
Is 148349 prime?
False
Is 105613 composite?
False
Is 94593 prime?
False
Is 2117 composite?
True
Is 39953 composite?
False
Is 34021 prime?
False
Is 222245 prime?
False
Is 85 a composite number?
True
Is 1709 a prime number?
True
Is 8263 a composite number?
False
Is 292661 prime?
True
Is 66547 a composite number?
True
Is 66611 a composite number?
True
Is 1172821 composite?
True
Is 39223 a prime number?
False
Is 175046 a composite number?
True
Is 141333 a composite number?
True
Is 4847 a composite number?
True
Is 3907 a prime number?
True
Is 47759 composite?
True
Is 426469 prime?
True
Is 52397 a composite number?
True
Is 871601 a composite number?
True
Is 31091 a prime number?
True
Is 24602 composite?
True
Is 92029 a prime number?
False
Is 14669 prime?
True
Is 1181 a composite number?
False
Is 839 a prime number?
True
Is 20959 composite?
False
Is 78073 a composite number?
True
Is 59093 prime?
True
Is 1011431 prime?
True
Is 75533 composite?
False
Is 1717739 composite?
False
Is 5519 prime?
True
Is 59537 a composite number?
True
Is 1229 prime?
True
Is 3569051 prime?
True
Is 7513 composite?
True
Is 74063 a composite number?
True
Is 25391 a composite number?
False
Is 12777 a prime number?
False
Is 24281 a composite number?
False
Is 79571 composite?
True
Is 136717 composite?
True
Is 1345889 prime?
True
Is 2861 composite?
False
Is 3128137 a prime number?
False
Is 1563827 composite?
True
Is 8422 a composite number?
True
Is 134773 a composite number?
True
Is 957257 a composite number?
True
Is 19373 prime?
True
Is 291157 a prime number?
False
Is 252667 prime?
True
Is 108874 prime?
False
Is 4045 a prime number?
False
Is 6469 a prime number?
True
Is 149 a composite number?
False
Is 37273 a prime number?
True
Is 31795 a composite number?
True
Is 629 a prime number?
False
Is 16759 composite?
False
Is 87313 composite?
False
Is 24317 prime?
True
Is 1287487 prime?
True
Is 4631 prime?
False
Is 466603 composite?
False
Is 24127 a composite number?
True
Is 679853 prime?
False
Is 73909 prime?
False
Is 42157 prime?
True
Is 19797 composite?
True
Is 23459 a composite number?
False
Is 51767 prime?
True
Is 15163 a composite number?
True
Is 15013 a prime number?
True
Is 138101 composite?
False
Is 1709 composite?
False
Is 161663 a prime number?
False
Is 3761 prime?
True
Is 9871 prime?
True
Is 95311 a composite number?
False
Is 318314 a composite number?
True
Is 305135 composite?
True
Is 3669 a composite number?
True
Is 2407787 prime?
False
Is 1191 prime?
False
Is 5637341 a composite number?
False
Is 21349 prime?
False
Is 684767 a prime number?
True
Is 18463 composite?
True
Is 84521 composite?
False
Is 1541 a composite number?
True
Is 47099 composite?
True
Is 49423 a prime number?
False
Is 221054 prime?
False
Is 5261 composite?
False
Is 12603 a prime number?
False
Is 7647 composite?
True
Is 76871 prime?
True
Is 4471 prime?
False
Is 256423 composite?
False
Is 9983 prime?
False
Is 296369 prime?
True
Is 8885 composite?
True
Is 1261 prime?
False
Is 27509 a prime number?
True
Is 86311 a composite number?
False
Is 8923 composite?
False
Is 51877 a prime number?
False
Is 38689 a composite number?
True
Is 75079 prime?
True
Is 64349 a composite number?
True
Is 471923 prime?
True
Is 109639 a composite number?
False
Is 41443 a composite number?
False
Is 39781 composite?
True
Is 374963 a composite number?
True
Is 14941 prime?
False
Is 106127 prime?
False
Is 2843 a composite number?
False
Is 113429 a composite number?
True
Is 119147 a composite number?
True
Is 186551 prime?
True
Is 2162497 a prime number?
True
Is 19957 a composite number?
True
Is 3229 a composite number?
False
Is 13997 a composite number?
False
Is 1895479 composite?
False
Is 2051 a prime number?
False
Is 2638 a composite number?
True
Is 18619 prime?
False
Is 140879 composite?
True
Is 1087 a composite number?
False
Is 5356345 composite?
True
Is 32353 a prime number?
True
Is 2579 a prime number?
True
Is 30769 a composite number?
True
Is 135061 a composite number?
True
Is 9413 a composite number?
False
Is 561311 a prime number?
False
Is 21361 composite?
True
Is 2521 prime?
True
Is 78977 prime?
True
Is 73691 a composite number?
True
Is 6103 prime?
False
Is 148497 a composite number?
True
Is 1430179 a composite number?
False
Is 3637 composite?
False
Is 25301 a prime number?
True
Is 94169 composite?
False
Is 95822 a prime number?
False
Is 26339 prime?
True
Is 73561 a composite number?
False
Is 4061803 a composite number?
False
Is 135023 composite?
True
Is 4037 a prime number?
False
Is 68831 composite?
True
Is 30307 prime?
True
Is 2159 a composite number?
True
Is 63241 a prime number?
True
Is 5999 prime?
False
Is 36983 prime?
False
Is 1754 prime?
False
Is 122201 a prime number?
True
Is 179161 a prime number?
True
Is 11699 prime?
True
Is 1296781 composite?
False
Is 62273 a prime number?
True
Is 2671 a prime number?
True
Is 1409 a prime number?
True
Is 41801 prime?
True
Is 237373 a prime number?
True
